))
22
Calculate 17 - (-23 + 28) - (-1 + 16).
-3
-12 + (43 - 19 - 0)
12
Evaluate (27 - (-13 + (11 - -13))) + -6.
10
What is the value of -17 + -1 + (311 - 316)?
-23
Calculate -1 - 43 - (55 + -59 + -15).
-25
Evaluate 0 - (1 + 9 + 0) - -3 - 15.
-22
8 - (10 - (-2 - 0) - 6)
2
What is the value of 4 + (-2 - 6) + -7 + 0?
-11
What is the value of (-1 - -28) + (-673 - -651)?
5
(-1 - 10) + 201 + -208
-18
Evaluate -5 + 10 - (-3 - (-8 + (6 - 8))).
-2
What is the value of 283 + -287 + (14 - -1)?
11
What is the value of 13 + (-35 - -20) + 10?
8
Evaluate (-16 - 3) + 13 + (-2 - -1 - -13).
6
Calculate 39 + -1 + (-165 - -153) + 3.
29
Calculate -16 + (22 - (-17 + 13)).
10
What is -23 - (0 + (-12 - 28))?
17
What is 0 - (-2 - (0 - 1)) - (-88 - -80)?
9
-5 + -9 + (161 - 174)
-27
What is the value of -22 + -21 + 66 - 2?
21
(-10 - -39 - 15 - -13) + (1 - 1)
27
What is (8 + -20 + 11 - (5 - 2)) + -5?
-9
Calculate -8 + -14 + (-3 - -3) - -4.
-18
What is the value of -30 + 8 + 5 + 1 + 40?
24
-16 - (-19 - (-20 + -10))
-27
Calculate (8 + 33 - 70) + -3.
-32
Calculate (-7 - -1) + -19 + 14 + 15 - -13.
17
Evaluate -2 + (6 + -11 - 7).
-14
Evaluate -14 + 17 - (4 + -3).
2
What is the value of -22 + (-42 - -15 - -53)?
4
Calculate 2 - 15 - (-553 + 553).
-13
What is the value of -68 + 76 - (1 - -21 - 1)?
-13
Evaluate 6 - 2 - (25 + -17).
-4
Calculate 3 + 0 + 26 + -36 + 9.
2
What is the value of -12 + -16 + (18 - 14) + 15?
-9
-3 + 0 + -3 - (-659 + 643)
10
-15 + -5 - (-4 + (-9 - -3))
-10
Evaluate -6 + 3 + (-2 - -15).
10
What is the value of 10 - 14 - (12 - (0 + 3 - 2))?
-15
What is the value of 5 + -2 + -5 + 57 + -45?
10
What is -24 - (-13 + (13 - 16))?
-8
Evaluate 151 + -139 + (0 - 4).
8
What is the value of -3 - -60 - (3 - 17 - -33)?
38
Calculate (46 - 32) + (-2 - 1) + 0.
11
-2 - (19 - (-3 - -13))
-11
What is 34 + 3 + (-10 - 6) + 4?
25
Calculate -2 + 2 + 3 - (-42 + 14 + 15).
16
What is the value of -58 + 66 + 1 + -13 - -5 - -7?
8
What is the value of -17 + -9 + 19 - 3 - -16?
6
Evaluate 2 + 15 - -7 - (-1 - -7).
18
What is 0 - ((0 - (-7 + 0)) + -3 + -2)?
-2
What is the value of 1 - 12 - (-1 + (2 - 1) - 5)?
-6
(-5 - (6 - 5)) + 29 + (-13 - -9)
19
8 - 0 - (-4 + 4) - 3
5
(1 - -18 - (-1 + 12)) + -25
-17
What is the value of (43 - 45) + 0 + -2?
-4
Calculate -42 - (11 + (-42 - -8)).
-19
Calculate (3 - (15 + -2) - -2) + -13 + 15.
-6
What is 3 + 10 + -2 + 13 - 1?
23
Evaluate (-5 - 1 - -4) + -6.
-8
Evaluate 34 + (8 - 7) - 8 - (9 + 0).
18
What is -7 + 21 + (0 - 13)?
1
(8 - (11 + -6)) + (3 - (-8 + 2))
12
Calculate (3 - -2) + (6 - -16) + -18.
9
Calculate -6 - (-15 - (6 + -3 + -28)).
-16
What is the value of -8 - 0 - (-6 + (5 - (-9 - -7)))?
-9
Evaluate -2 + 11 + (5 - 24).
-10
What is the value of 6 - (4 + (4 - 3 - -8 - 16))?
9
Calculate (3 - 16) + 4 + -3.
-12
-27 - (7 - 8 - (-2 + 6))
-22
What is the value of -3 + 8 + (0 - 0) + (-99 - -92)?
-2
What is 21 - (-5 - 0 - -29)?
-3
3 + -16 + 2 + 3 - (-1 - 29)
22
(1 - -1) + (-12 + 16 - 5)
1
What is -6 + 3 + 19 - (-2 - (-3 + -1))?
14
Evaluate -1 + -4 + (-13 - -18) - (-34 - -18).
16
-8 - 1 - ((3 - 0) + 1058 + -1057)
-13
Evaluate (-7 - -9 - 0 - -14) + (1 - 5).
12
Calculate (2 - 6) + 5 + -3 + -12 + 8.
-6
(-69 - -78) + (2 - -1 - (5 + 3))
4
What is the value of -1 + -10 + 5 - 1 - (42 + -42)?
-7
What is -1 + (-1 - 3) - (12 - 21)?
4
5 + 0 - (32 - 7 - 18)
-2
What is -3 + (-3 - -1 - (-2 + 1 + -1))?
-3
Evaluate (16 - (4 + 1)) + 20 + -3.
28
(1 - 0 - 13) + -50 + 56 + -5
-11
What is the value of -45 + 45 + (7 - 0)?
7
What is -17 + (2 + -7 + -2 - (99 - 104))?
-19
What is -432 + 434 - (-3 + 1 - (11 + 7))?
22
-15 + 1 - (-10 - 9)
5
Calculate 2 + 1 + (-9 + 29 - 21).
2
What is 12 - 5 - (-6 - -1 - (-3 - 0))?
9
What is -80 + 49 - (10 - (8 - 7 - -2))?
-38
What is -16 - (-20 + 7 + 17 - 4)?
-16
What is the value of (1 + 4 - (-13 + 9)) + -62 + 54?
1
Evaluate (7 - 20) + 9 - (8 - (8 - 0)).
-4
What is the value of 4 + (12 + -2 - ((-5 - -12) + 34))?
-27
What is the value of 13 + -21 + 10 + 1 - (24 + -1)?
-20
What is (30 - (7 + 6)) + -15?
2
Calculate 17 + -7 + 6 + -3 + 4 - 3.
14
Calculate 9 - (14 + -11 - -9 - -8).
-11
Evaluate 6 - (-12 - (1 + 10 + -37)).
-8
Evaluate (-3 - -7) + 9 - (6 - 2).
9
Evaluate 8 - 0 - (-6 - (0 + -17) - 4).
1
Calculate 17 + -27 + (12 + -11 - (1 + -2)).
-8
-1 + (-1 - 5 - (-85 - -78)) + 1
1
What is -3 - (-2 + (10 + -5 - -1) - 5)?
-2
Evaluate 9 + 4 + 1 + -12.
2
Calculate -4 + (3 - -1) - (11 - -9).
-20
Evaluate 43 + -20 + 0 - 27.
-4
Evaluate 19 + -6 - 38 - -12.
-13
Evaluate 0 - 26 - (-50 + -3 - -45).
-18
-11 + (-2 - -7) + -5 + 1
-10
13 + (-12 - -27 - 30)
-2
Calculate -2 + -3 + 1 + (41 - 46).
-9
What is -2 + -2 + 2 + 2 + (-93 - -89)?
-4
What is the value of (-193 - -235) + -69 + -6?
-33
Evaluate -1 + 6 + (-9 - ((7 - 16) + 6)).
-1
What is the value of 6 + -9 + -1 + -6?
-10
-45 - -14 - -4 - -16
-11
1 + 21 + 0 + (2 - 12)
12
(-6 - 0) + 4 - 5
-7
Calculate -19 + -1 + (-321 - -322).
-19
-6 - (-3 + (1 - 1) + (9 - 3))
-9
What is 9 - (3 + -1 + -3)?
10
-5 + 0 + (1 - -5) + -3
-2
What is the value of -6 + (9 - (3 + -9))?
9
What is (1 - -28 - 20) + (5 - 0)?
14
What is the value of 27 - (17 + -2 + 24)?
-12
-47 - (2 + 10 - (-53 + 58) - 18)
-36
Evaluate ((3 - 24) + 3 - -8) + -1.
-11
What is (-3 - -15) + -4 + -13 + (3 - -8)?
6
What is -31 + (-7 - (-37 - -4))?
-5
Calculate -5 + 30 - (2 - -8).
15
Calculate (2 - 8 - -10) + -1 + 2 - -4.
9
What is the value of (7 - (-4 + 2 - -16)) + -1?
-8
Calculate -4 + -5 + 18 + -2 - (-2 + 29).
-20
What is (-19 - (-36 + (4 - 8))) + -10?
11
What is the value of -8 + (12 - 10 - -16) - 0?
10
(-7 - -12 - (0 + 20) - -8) + -12
-19
-35 - (-21 - 1 - -1)
-14
What is 1 + -27 - (6 + -9 + 14 + -8)?
-29
Evaluate -6 + -10 + 8 + 5 + 4.
1
8 - 0 - (0 + 6) - (0 - 10)
12
12 - 3 - (11 + (28 - 17))
-13
What is -11 - (-47 - -23) - 14?
-1
What is -2 - 0 - (-31 - -37)?
-8
Evaluate (-1 - (-14 - (-8 - -12))) + 0.
17
Calculate -16 - (1 + (-15 - -9)).
-11
What is the value of 62 + -49 + (8 - -1) + -1 + 12?
33
Evaluate -13 - -1 - (-67 - -58 - (-5 + -2)).
-10
Calculate (7 + 0 - 25) + 1.
-17
What is the value of 2 + (8 - 13) + -3 + 1?
-5
What is (-39 - -36) + (1 + -2 - (-7 - 30))?
33
Evaluate -36 + 27 + 0 + 1.
-8
Calculate 2 + (23 - 32) - -23.
16
Evaluate -18 + 8 - (10 + -23 + 9 - -1).
-7
Calculate (2 - -13) + (-26 + 21 - (0 + 1)).
9
9 + 1 + 5 + 6 + -13
8
(-15 + 6 - -2) + 3 + 1 + -11
-14
What is -3 + 4 + 5 + 6 + 4 + -4?
12
Calculate -1 + -3 - (9 - (5 + 9)) - 0.
1
What is the value of 0 - (0 - 9 - (-30 + 10))?
-11
What is 6 - 30 - -17 - (5 + 1 + 2)?
-15
Calculate 9 - (-8 + 22) - -36.
31
What is the value of (2 + -6 - (3 + (1 - 2))) + 4?
-2
Evaluate -29 - (-39 - -39) - (-2 + -10 - -1).
-18
What is the value of -49 + 13 - (-2 - 46)?
12
What is the value of 4 + (-19 - (1 - 2 - (-6 + -3)))?
-23
What is the value of 202 - 148 - (12 + 33)?
9
Evaluate 0 + -2 + (-39 - -27) + 9 + -1.
-6
Calculate 27 + (8 - 1) + (-24 - -12).
22
Evaluate -19 + 4 + (83 - 74) + (-1 - 11).
-18
Evaluate 19 - ((-17 - -10) + 36).
-10
What is the value of (-13 - 1 - (-4 - -4)) + 40 + -37?
-11
Calculate (-4 + 2 - 3) + (45 - (17 - -7)).
16
Calculate -10 - (3 - 5) - -22.
14
(-9 - -1) + 5 + -33 + 8
-28
-507 + 480 + 9 + 3 + 3
-12
What is (1 - 0 - 1) + -28 + -1 + 32?
3
3 + -3 + 12 + (-14 - -6) + -4
0
What is the value of -1 + 14 + -1 - 16?
-4
What is (4 - 31 - (-10 - -3)) + (11 - 2)?
-11
What is -7 - (-3 + -2) - (-8 + 15)?
-9
Calculate 9 + 0 + 3 + 3 + -4 + 1.
12
What is the value of (14 - 24 - -23) + -16 + 2?
-1
Calculate -5 + (-5 - (-1 - 11)) + -11.
-9
Calculate 0 - (-7 - 4 - (4 + (-4 - -1))).
12
(-7 - -1) + (-1 - -7 - (4 - -5))
-9
Evaluate 20 - (28 - (-6 + 13 - 16)).
-17
Calculate 3 + -4 + 18 + -10 + -31 + 3.
-21
What is -8 + 36 - (30 - -4)?
-6
What is the value of 171 + -188 - (-3 - -4)?
-18
What is the value of 2 - (-22 - ((2 - 3) + (-20 - -17)))?
20
What is the value of (1 - -5) + 1 + 8 - (-25 + 25)?
15
Calculate -9 - (1 - 2) - (16 + -5 + -13).
-6
Evaluate (61 - 42) + (-3 - 4 - -5).
17
Calculate 0 + -2 - (2 - 22).
18
What is 1 + 4 - ((-11 - -15) + -8 + 9)?
0
Evaluate -8 + (5 - (14 + 2 + -5 + -12)).
-2
What is -21 - (2 + 12 - (42 - 34))?
-27
Calculate -5 + (-18 - -10 - -3).
-10
What is -13 + 11 + -12 + -3 + -2?
-19
(7 - 18) + (-7 - 2)
-20
What is 5 + 6 + -24 + -11 + -1?
-25
What is the value of -37 + 26 - (-4 - (0 + 3 - 0)